 - 7*h - 5. Let z be k(-4). Let q = z - 32. Suppose 5*i + 16 = 2*a, -27 = -a - 4*i + q. What is the highest common divisor of a and 90?
18
Let w = -1386 - -1548. What is the highest common divisor of w and 180?
18
Suppose 92*y = 94*y + x - 1191, -4*x + 599 = y. What is the greatest common divisor of 35 and y?
35
Let v(u) be the third derivative of u**6/120 - u**4/24 + 2*u**2. Let l be v(2). Let g be 122*3/l + 2. Calculate the highest common divisor of g and 42.
21
Let x(j) = -j**3 + 6*j**2 + 2*j + 1. Let o be x(5). Let i(c) = -6*c + 3 + 0*c + c + 2*c. Let g be i(-7). What is the greatest common factor of g and o?
12
Let k(u) = u**2 + 7*u. Let t be k(-3). Let w be (t/(-8))/((-6)/(-8)). What is the highest common divisor of w and 4?
2
Suppose 15*b - 18*b = -4*t - 118, -4*t + 50 = b. Calculate the greatest common divisor of b and 63.
21
Let s be 2/(8/3860) - -1. Let k = -354 + s. Suppose -4*p + 0*g + g + k = 0, -3*g - 459 = -3*p. Calculate the highest common divisor of 17 and p.
17
Let y(d) = 11*d - 22. Let f be y(11). Let z = 102 - f. Calculate the greatest common divisor of 12 and z.
3
Let k(s) = 3*s + 4. Let c be k(0). Suppose 2*r + c*p - 8 = 0, 3*r = -p + 2 + 20. What is the highest common divisor of r and 4?
4
Let v(p) = 9*p**2 - 2*p + 1. Let r be v(1). Let n(s) = -s**2 + 8*s + 3. Let z be n(r). What is the greatest common divisor of z and 9?
3
Let g be 2/8 - 702/(-8). Suppose -11*s = 4*a - 6*s - 62, 4*s = 5*a - 16. Calculate the highest common divisor of a and g.
8
Let p be (-83)/(-9) + (-6)/27 - 3. Calculate the greatest common factor of 42 and p.
6
Suppose -n + v + 150 = 4*n, -3*v = 0. Calculate the greatest common divisor of 60 and n.
30
Let b(a) = -a**3 - 4*a**2 + 16. Let f(n) = -n**2 + 18*n. Let z be f(18). Let d be b(z). What is the greatest common divisor of 8 and d?
8
Let u = -227 + 271. What is the greatest common divisor of u and 4?
4
Let m(t) = t**2 - 3*t - 6. Let w be m(-6). Let g = w - 19. What is the highest common factor of 87 and g?
29
Let t = 20 - 17. Suppose -n + 1 = -0*n, 5*n - 2 = t*q. Let z(u) = 19*u - 3. Let g be z(q). Calculate the highest common divisor of 4 and g.
4
Let v(u) = -7 + u + 5 - 2 + 6. Let z be v(12). Calculate the greatest common factor of 224 and z.
14
Let h = 1255 + -1223. Calculate the highest common factor of h and 1696.
32
Suppose -432*x - 560 = -448*x. What is the greatest common factor of 112 and x?
7
Let w be ((-6)/(-45))/(1/(-6))*-220. Calculate the greatest common factor of w and 22.
22
Let w be (-1)/((-20)/(-1240)*2*-1). Calculate the greatest common factor of 496 and w.
31
Suppose -5*n + 2*v = -129, n + 3*v - 31 - 5 = 0. What is the greatest common divisor of 72 and n?
9
Let x be ((-16)/24)/((-4)/54). Let j = 12 - x. Suppose j*n = 8*n - 45. What is the greatest common factor of 18 and n?
9
Let v be 41172/28 + 1*9/(-21). Calculate the greatest common factor of v and 30.
30
Let c = 1229 + -1227. Let q(j) = j**2 - j - 2. Let v be q(-2). What is the highest common factor of c and v?
2
Suppose 11 + 1 = -4*g, 2*t + 5*g = 753. What is the greatest common factor of t and 6?
6
Suppose 5*k = x + 45, -5*k + 3*x + 43 + 2 = 0. Let s = -13 + -11. Let t = s + 69. Calculate the greatest common divisor of k and t.
9
Suppose 0 = v + 2*t - 109 - 133, -3*t - 708 = -3*v. Calculate the highest common divisor of 136 and v.
34
Suppose -3*n + 3 + 4 = 4*g, -n + 3 = g. Let x be ((-6)/9)/(2/18). Let h be (-244)/x - (-2)/(-3). What is the greatest common divisor of h and n?
5
Suppose 13*j - j = -288. Let o be j*-3*(-4)/(-24). What is the greatest common divisor of 12 and o?
12
Suppose -3*j + 186 = -j. Suppose -2*m + 3*s + 43 = -2*s, -3*m - 2*s = -j. Calculate the greatest common divisor of 145 and m.
29
Suppose 2*d = y + 37, d - 3*d = y - 43. What is the highest common factor of 5 and d?
5
Suppose 2*k = 45 - 141. Let v be 4*(-102)/k - (-1)/(-2). Calculate the highest common divisor of 36 and v.
4
Suppose -34*a + 1350 = -4362. Calculate the highest common factor of a and 6.
6
Let f(i) = i**2 + 10*i + 2. Let h be f(7). Let u be 22*(2 - 1)/1. Suppose 0 = -q - q + u. What is the highest common factor of h and q?
11
Suppose 7*g = 4*g - 24. Let l = 2 - g. Let k be -4*476/(-96) - (-8)/48. What is the highest common factor of k and l?
10
Suppose -s + 3*s + 7*s = 0. Suppose 2*x - 4*w - 52 = 0, s = 2*x + 4*w - 40 - 28. Calculate the highest common factor of x and 10.
10
Let s(q) = 19*q + 9*q - 44 + 44. Let b be s(3). What is the highest common factor of b and 21?
21
Let y = -86 + 83. Let r be 50/(-2 - 12/y). Let d = 15 - 10. Calculate the greatest common divisor of d and r.
5
Let c(q) = -q + 5. Let u be c(-7). Suppose 102*b - 103*b = -12. Calculate the highest common factor of b and u.
12
Suppose -1151 - 2125 = -7*m. What is the greatest common divisor of 819 and m?
117
Let m be 310/18 - (-22)/(-99). Suppose 5*n + 5*y + m = 57, y - 32 = -5*n. What is the highest common divisor of n and 6?
6
Suppose 3*x - 4*l + 4 = 8*x, -5*x + l - 1 = 0. Suppose x = -r + 3, 5*r = -3*i + 129. Calculate the highest common factor of 266 and i.
38
Let k(p) = -p**3 - 14*p**2 + 13*p - 27. Let g be k(-15). Calculate the greatest common factor of g and 48.
3
Suppose -49*z = -44*z - 1890. What is the highest common factor of 42 and z?
42
Suppose 19 = 8*j - 21. Suppose 2*i = j*m + i - 121, -3*i = m - 37. Calculate the highest common factor of 5 and m.
5
Suppose -96*p + 12 = -92*p. Calculate the greatest common divisor of p and 13.
1
Let j(a) = a**2 + 2*a + 280. Let n be j(0). What is the highest common factor of 175 and n?
35
Let l(p) = 8*p**2 - p - 18. Let x be l(-10). What is the greatest common factor of x and 18?
18
Let i be 1*4/10 + (-748)/170. Let d be 12 + 2/(i/(-4)). What is the greatest common factor of 14 and d?
14
Suppose -2*k + 2*g - 3*g = -139, -2*k - 4*g + 124 = 0. Let d = 17 + -9. Calculate the greatest common divisor of k and d.
8
Let o be -1*(-1 + -3 + 5). Let m be (2/(-5))/o*-5. Let i be 2 + 32*m/(-4). Calculate the highest common factor of i and 9.
9
Let k(s) = 3*s - 13. Let p be k(5). Suppose 3*a - 2*r = -p*a + 690, -120 = -a + 4*r. What is the highest common divisor of 20 and a?
20
Suppose 186 = -6*n + 9*n. Suppose -8 = -2*j + n. Suppose 4*q - 1471 + 466 = 5*r, -3*r - 1240 = -5*q. Calculate the greatest common factor of q and j.
35
Let v = -794 - -843. Calculate the highest common divisor of 112 and v.
7
Let x be (-21)/(-9) + 2/(-6). Suppose 0 = x*m + 2*m - p - 179, 0 = m + 4*p - 49. Calculate the greatest common factor of m and 5.
5
Let f(a) = -a**3 - 2*a**2 + 16*a - 20. Let b be f(-6). Calculate the greatest common divisor of b and 196.
28
Suppose -2*k + 393 = -i, 3*k - 789 = -k - i. Suppose 3*d + b - k = 0, b = 1 - 2. What is the greatest common divisor of 44 and d?
22
Suppose 33*c = 32*c. Suppose 3*x + 4*x - 98 = c. What is the highest common divisor of 2 and x?
2
Let o(p) = -p**3 - 7*p**2 - 5*p + 1. Suppose 2*t - 5*d + 7 = t, 0 = 3*d. Let s be o(t). What is the greatest common factor of 84 and s?
12
Let z(c) = -c**3 + 19*c**2 + 2*c - 8. Let s be z(19). Let w(p) = -2*p**3 - 2*p**2 - 4*p - 3. Let g be w(-3). Calculate the greatest common divisor of g and s.
15
Let y(r) = r**3 - 3*r + 3. Let p be y(2). Let t be 8730/50 - (-2)/p. Let n = t - 63. What is the highest common divisor of 16 and n?
16
Suppose -44*z = -50*z + 324. What is the greatest common factor of 891 and z?
27
Let u = -185 - -416. What is the highest common factor of u and 77?
77
Suppose -5*s + 298 + 1177 = 0. Let y = s - 71. Let o be (-8)/2*7*-1. Calculate the greatest common divisor of y and o.
28
Let k(h) = 4*h**2 + 179*h - 16. Let c be k(-45). What is the greatest common factor of c and 2813?
29
Suppose 4*i - 8 = 0, 3*g - 4*i + 300 = -g. Let c = -61 - g. Calculate the greatest common factor of 3 and c.
3
Suppose -2*c + 9 = -7. Let j(y) = y**2 - 8*y - 32. Let t be j(12). Suppose t = 16*b - 12*b. What is the greatest common factor of c and b?
4
Let n(c) = c**2 - 5*c + 1. Let g be n(5). Let w = g - 1. Suppose -r + 8 + 1 = w. Calculate the highest common divisor of r and 63.
9
Let h(m) = -47*m - 465. Let l be h(-24). What is the highest common factor of 51 and l?
51
Let s be ((-6)/(-4))/((-48)/(-3584)). Calculate the greatest common divisor of 7 and s.
7
Let v be 24/